a**2 - 8*a - 3. Suppose -2*t + t = -2*l - 11, l - t + 5 = 0. Let o be q(l). Let h = 8 - o. What is the tens digit of h?
3
Suppose -5*a + 2*g + 516 = -3770, -a - g + 860 = 0. Suppose -3*b + a - 34 = 4*q, 0 = 5*b + q - 1396. What is the hundreds digit of b?
2
Let t = 170 + -167. What is the units digit of t?
3
Let o(j) = 8*j - 11. Let v(h) = 4*h - 5. Let z(k) = 4*o(k) - 9*v(k). Let p be z(-1). Let w(m) = m**2 + m - 9. What is the units digit of w(p)?
1
Let f = 594 + -362. What is the tens digit of f?
3
Suppose 0 = 5*b + 2*i - 771, -1 = -2*i - 5. Suppose 6*y - y - b = 0. What is the tens digit of y?
3
Suppose 2*l + 12 = 4*y, 11 = -5*l + 5*y + 1. Suppose -2*m + 108 = -u, -l*m + 6*m + 3*u = 216. What is the units digit of m?
4
Let q(m) = 69*m - 5. What is the units digit of q(9)?
6
Let y be (41 + -1)*(-17)/(-34). What is the tens digit of 2/(y/(-115))*-2?
2
Let i(s) = s**2 + 4*s + 4. Let g = -17 - -12. Let q be i(g). Let a = q - 4. What is the units digit of a?
5
Let q(y) = -5*y**2 + 8*y - 25. Let h(t) = 9*t**2 - 15*t + 49. Let c(w) = -6*h(w) - 11*q(w). Let n be -6*(-2)/((-16)/12). What is the tens digit of c(n)?
4
Suppose 2*q - 25 = -3*q. Suppose -s - 5 = -a, 0 = -3*a - s - s + q. Suppose a*k + 76 = 7*k. What is the units digit of k?
9
Let i = 515 + -16. What is the tens digit of i?
9
Suppose 0 = -b + 5, 0 = 5*a - 2*a - 3*b + 9. Suppose -5*h = 0, 4*h - a*h - 588 = -4*o. What is the hundreds digit of o?
1
Let y be 26 + (-1)/(5/10). Suppose 0 = 3*r + 3*i - y, 3*r = -2*i - 8 + 28. Suppose r*o - 5*n - 200 = 0, -50 = -2*o + o - 5*n. What is the units digit of o?
0
Suppose -3*u + z = -42, -5*u + 40 + 30 = 5*z. Suppose -3*a + u = -1. Suppose -j + 22 + a = 0. What is the units digit of j?
7
Let g be (30 - 28) + 0 + -11 + 2. What is the units digit of (-373)/g + 2 + (-44)/154?
5
Suppose 5*p - 5*q = 10, -5*p = -p + q - 8. Let f(d) = 11*d - 4. What is the tens digit of f(p)?
1
Let j be (1 - -88)/(-1 - 0). Suppose -3*o - 138 = -0*o. Let i = o - j. What is the units digit of i?
3
Let o(w) = -30*w - 5 - 4 + 3. Let f be o(-3). What is the tens digit of (f/(-1 + 5))/1?
2
Let s(u) be the second derivative of u**8/6720 - u**7/504 + u**5/120 + 7*u**4/12 + u. Let b(j) be the third derivative of s(j). What is the units digit of b(5)?
1
Let n(u) = -4*u**2 - 3*u + 1. Let d(q) = 9*q**2 + 7*q - 2. Let p(k) = 3*d(k) + 7*n(k). Let a be p(1). Suppose a = -4*m - m + 50. What is the units digit of m?
0
Let w(u) = -92*u + 2. Let m be w(1). Let x = 210 + m. What is the tens digit of x?
2
Let f = 304 - 165. What is the units digit of (-9 + f)/((-4)/(-6)*3)?
5
Let i(v) = -v. Suppose -5*h = z + 3*z + 10, -5*h - 5*z = 15. Suppose -4 + 2 = h*g. What is the units digit of i(g)?
1
Suppose -4 = 4*x, 0 = -5*g + x - 2 - 67. Let y(d) = d**3 + 15*d**2 + 7*d - 20. Let o be y(g). What is the units digit of o + -1 - 0/3?
7
Suppose -1 = -2*k + 3*k. Let t(f) = 101 + 47*f**2 - 101. What is the tens digit of t(k)?
4
Suppose 72*o = 70*o + 4194. What is the units digit of o?
7
Let w(f) = -2*f - 2. Let m be w(-2). What is the units digit of (1/4*-10)/(m/(-28))?
5
Suppose 3*v + 1 - 1 = 0. Suppose v = -2*s + 5*s + q - 249, -2*s = -q - 171. What is the tens digit of s?
8
Suppose -4*v + 1 - 41 = 0. Let o = v - -27. Suppose -o = -j - 0*j. What is the units digit of j?
7
Suppose 0 = 7*m + 16*m - 29831. What is the tens digit of m?
9
Suppose -3*r + 4*u = -837, 0 = 3*r - 5*u - 158 - 682. What is the units digit of r?
5
Suppose 2*l + 3*l = y + 12, 6 = 3*l - y. Let w(q) = -q**3 + 5 - 93*q**2 + 33*q**2 - 3*q + 35*q**2 + 29*q**2. What is the units digit of w(l)?
5
Let n be 19/2 - (-3)/(-6). Suppose 2*d + d - n = 0. Suppose d*w - 36 = 2*w. What is the units digit of w?
6
Suppose -3885 = -5*v - f, v - 781 = -5*f + 4*f. What is the units digit of v?
6
Let k(i) = 2*i**3 + 5*i**2 + 9*i. Let l(z) = -z**2 - z - 1. Let y(t) = -k(t) - l(t). What is the units digit of y(-5)?
1
Suppose -5*s + 4*n + 254 = 0, 25*n = -4*s + 21*n + 232. What is the tens digit of s?
5
Let d(m) be the second derivative of -5*m**3/3 + 41*m**2/2 + 9*m. What is the tens digit of d(-5)?
9
Let a = -115 + 152. What is the units digit of a?
7
Let h be 5 - -2 - 0 - -2. Let w(l) = l - 7. Let c be w(h). Suppose 17 = m - c. What is the tens digit of m?
1
Let r(p) = 11*p + 2. Let f(t) = 5*t + 1. Suppose -6 = -4*z + 6*z. Let u(w) = z*r(w) + 5*f(w). What is the units digit of u(-1)?
7
Suppose -5*h - 5*l = -2*h + 36, 0 = 2*l. What is the tens digit of (399 - 6)*-2*2/h?
3
Suppose 2*y = -3*l - 40, y - 27 = 2*l + 2*y. Let b = -29 - -8. What is the tens digit of 4/l + (-405)/b?
1
Let z(f) = -3252*f**3 + 3*f**2 + 7*f + 4. What is the units digit of z(-1)?
2
Suppose n + 26693 = 5*y, 7*y = 6*y + 4*n + 5331. What is the units digit of y?
9
Let n be -12*(5 + -6 - 0). Suppose 0 = n*i + 1 - 325. What is the units digit of i?
7
What is the thousands digit of (-590382)/(-180) - -1*1/10?
3
Let o(n) = 2*n**3 - 34*n**2 - 46*n + 3. Let r(m) = -m**3 + 17*m**2 + 23*m - 2. Let p(h) = 2*o(h) + 5*r(h). What is the units digit of p(18)?
6
Suppose 0 = -5*m - 60 + 10. Let s(q) = q**2 + 8*q - 5. Let c be s(m). Let t = 32 - c. What is the tens digit of t?
1
Suppose 5*k - 2*a - 2260 = 0, 9*k = 5*k + a + 1808. What is the units digit of k?
2
Let i = -604 + 1849. What is the tens digit of i?
4
Suppose -2*h = -5*j - 3, -4*h + 3 - 2 = -5*j. What is the tens digit of (j - -20)/(1/3)?
5
Let f be (-3827)/(-5) + 8/(-20). Suppose -13*y + 8*y + f = 0. What is the hundreds digit of y?
1
Let q(c) = -c**3 - 4*c**2 - 2*c + 2. Let d be ((-8)/6)/(11/33). Let v be q(d). Suppose -2*k + k + v = 0. What is the tens digit of k?
1
Let v(s) = -34*s + 12. What is the hundreds digit of v(-12)?
4
Suppose -2*q = 2*g - 14, -q - 3*g = 3*q - 23. Suppose 4*t - 367 = -3*d, 2*d + d = -q*t + 365. What is the units digit of d?
1
Let r = -48 + 43. Let w = r - -23. What is the tens digit of w?
1
Suppose 4*g + 142 = b, -3*b + g - 3*g = -356. Suppose 2*y - y - b = 0. Let c = y - 80. What is the units digit of c?
2
What is the units digit of (-20055)/(-27) + (-6)/(-27)?
3
Suppose -3*l = -32 - 43. Suppose 0 = 4*b - 20, 0 = 2*q - b - 256 + l. What is the tens digit of q?
1
Let c = -54 - -56. Suppose 3*o - 2*f = 450, c*f - 301 = -2*o + 3*f. What is the hundreds digit of o?
1
Let y = -42 - -60. Let f be (-19)/3 - (-4)/(-6). Let a = f + y. What is the tens digit of a?
1
Suppose 7554 + 3206 = 5*b. What is the units digit of b?
2
Let k = 1352 - -1657. What is the tens digit of k?
0
Suppose -34*x = -26*x - 5176. What is the units digit of x?
7
Let o(l) = 4 + 14 - 3*l**2 - 5*l - 14*l + 2*l**2. What is the tens digit of o(-15)?
7
Let s = 186 - 94. Let b = s + 1. What is the tens digit of b?
9
Suppose 5*h = 8*h - 24. Suppose -2*k - 318 = -h*k. What is the tens digit of k?
5
Suppose -6*h = 2*h - 16. Suppose 5*n - 413 = h*c - 0*c, -3*n + 2*c = -251. What is the tens digit of n?
8
Let f(z) = 101*z - 4. Let u be f(6). Suppose 3*g = u - 185. What is the tens digit of g?
3
Let y(q) = q**3 - 38*q**2 - 32*q + 65. What is the tens digit of y(39)?
3
Suppose 0 = 23*d - 32*d + 8964. What is the units digit of d?
6
What is the tens digit of (3179/22)/((-2)/(-12))?
6
Suppose -3*j - 2*w + 6 = -8, 0 = -3*j + w + 11. Suppose 5*r - 82 = -3*x, -44 = -0*r - j*r + 3*x. What is the units digit of r?
4
Suppose 0 = 4*v - 8 + 28. Let g be (-7 - 3)*2/v. What is the tens digit of (g/5)/((-5)/(-175))?
2
Suppose 2*s + s - 2639 = 4*j, -2*j = 2*s - 1750. What is the tens digit of s?
7
Let d = 3287 - 1607. What is the thousands digit of d?
1
Let p(d) = 3*d**2 - 8*d - 5. Let s be p(4). Let c = s + -13. What is the units digit of (c/3)/(4/(-258))?
3
Let a(m) = 57*m - 44. What is the hundreds digit of a(7)?
3
Suppose 0 = -2*m - 3*n + 14, 2*m + 5*n = -0*m + 18. Let y = -2 + m. Suppose -y*l - 2*l = -104. What is the tens digit of l?
2
Suppose 0 = -r - 5*z + 17, 3*z + 2*z = 4*r + 7. Suppose 10 = 3*f - r. Suppose -1 = -t, f*y - 68 = -y + 2*t. What is the tens digit of y?
1
Let p(g) = 5*g**2 - 6*g - 7. Let t be p(-10). What is the tens digit of ((-28)/(-12) + -2)*(t + 2)?
8
Let m = -1627 - -3517. What is the units digit of m?
0
Let f(i) be the third derivative of -i**6/60 + 23*i**5/60 - 11*i**4/24 + 11*i**3/6 + 4*i**2. What is the units digit of f(11)?
1
Suppose k - 488 =